{"id":146,"date":"2024-11-01T14:56:05","date_gmt":"2024-11-01T14:56:05","guid":{"rendered":"https:\/\/www.jazztfriends.ch\/?page_id=146"},"modified":"2026-04-21T12:08:35","modified_gmt":"2026-04-21T12:08:35","slug":"stationen","status":"publish","type":"page","link":"https:\/\/www.jazztfriends.ch\/?page_id=146","title":{"rendered":"Konzerte:"},"content":{"rendered":"\n<p class=\"has-text-align-center has-yellow-color has-text-color has-link-color has-normal-font-size wp-elements-292967ee87463268986c01d8583430f0\"><\/p>\n\n\n\n<blockquote class=\"wp-block-quote is-layout-flow wp-block-quote-is-layout-flow\">\n<p class=\"has-light-gray-color has-text-color has-link-color wp-elements-61f1f5cda24799dda2e8cdc9252db5df\" style=\"font-size:27px;font-style:normal;font-weight:700\">Musik w\u00e4scht den Staub des Alltags von der Seele<\/p>\n<\/blockquote>\n\n\n\n<ul class=\"wp-block-list\">\n<li class=\"has-dark-yellow-color has-text-color has-link-color wp-elements-26fdee70bc8ee38a51c82fdd6f78af3f\" style=\"font-size:27px\">Freitag 28. August 2026  Palillo Besenbeiz M\u00f6riken: Paella &amp; Jazz <br>Infos\/Anmeldung  unter www.palillo.ch<\/li>\n\n\n\n<li class=\"has-dark-yellow-color has-text-color has-link-color wp-elements-af93f04a74cb3f334cca7c9a118d07ce\" style=\"font-size:27px\">Mo 31.August 2026  Monday-Jazz in der Kreuzhofbar Langenthal<\/li>\n<\/ul>\n\n\n\n<p class=\"has-text-align-center has-yellow-color has-text-color has-link-color has-normal-font-size wp-elements-8d8571df46380e3a96819004d1b5974c\"><strong>Vergangene Konzerte:<\/strong><br><\/p>\n\n\n\n<p class=\"has-text-align-center has-dark-yellow-color has-text-color has-link-color wp-elements-7d38f00a4c769c8c4808da31117292d0\"><strong>Palillo Besenbeiz M\u00f6riken  Paella &amp; Jazz   29.5.2025<\/strong><\/p>\n\n\n\n<figure class=\"wp-block-gallery has-nested-images columns-default is-cropped wp-block-gallery-1 is-layout-flex wp-block-gallery-is-layout-flex\">\n<figure class=\"wp-block-image size-large\"><img loading=\"lazy\" decoding=\"async\" width=\"1024\" height=\"576\" data-id=\"215\" src=\"https:\/\/www.jazztfriends.ch\/wp-content\/uploads\/2025\/06\/IMG-20250601-WA0009-1024x576.jpg\" alt=\"\" class=\"wp-image-215\" srcset=\"https:\/\/www.jazztfriends.ch\/wp-content\/uploads\/2025\/06\/IMG-20250601-WA0009-1024x576.jpg 1024w, https:\/\/www.jazztfriends.ch\/wp-content\/uploads\/2025\/06\/IMG-20250601-WA0009-300x169.jpg 300w, https:\/\/www.jazztfriends.ch\/wp-content\/uploads\/2025\/06\/IMG-20250601-WA0009-768x432.jpg 768w, https:\/\/www.jazztfriends.ch\/wp-content\/uploads\/2025\/06\/IMG-20250601-WA0009-1536x864.jpg 1536w, https:\/\/www.jazztfriends.ch\/wp-content\/uploads\/2025\/06\/IMG-20250601-WA0009.jpg 1600w\" sizes=\"auto, (max-width: 1024px) 100vw, 1024px\" \/><\/figure>\n<\/figure>\n\n\n\n<p><\/p>\n\n\n\n<p class=\"has-text-align-center has-yellow-color has-text-color has-link-color has-normal-font-size wp-elements-41344fdba74e7511ecd9073afb6d6567\"><br><strong>Bergb\u00fchne Bottenwil 11.5.2025<\/strong><\/p>\n\n\n<div class=\"wp-block-image\">\n<figure class=\"aligncenter size-large is-resized\"><img loading=\"lazy\" decoding=\"async\" width=\"1024\" height=\"768\" src=\"https:\/\/www.jazztfriends.ch\/wp-content\/uploads\/2025\/05\/image-20250511-220531-080-1-1024x768.jpeg\" alt=\"\" class=\"wp-image-192\" style=\"width:637px;height:auto\" srcset=\"https:\/\/www.jazztfriends.ch\/wp-content\/uploads\/2025\/05\/image-20250511-220531-080-1-1024x768.jpeg 1024w, https:\/\/www.jazztfriends.ch\/wp-content\/uploads\/2025\/05\/image-20250511-220531-080-1-300x225.jpeg 300w, https:\/\/www.jazztfriends.ch\/wp-content\/uploads\/2025\/05\/image-20250511-220531-080-1-768x576.jpeg 768w, https:\/\/www.jazztfriends.ch\/wp-content\/uploads\/2025\/05\/image-20250511-220531-080-1-1536x1152.jpeg 1536w, https:\/\/www.jazztfriends.ch\/wp-content\/uploads\/2025\/05\/image-20250511-220531-080-1-2048x1536.jpeg 2048w, https:\/\/www.jazztfriends.ch\/wp-content\/uploads\/2025\/05\/image-20250511-220531-080-1-440x330.jpeg 440w, https:\/\/www.jazztfriends.ch\/wp-content\/uploads\/2025\/05\/image-20250511-220531-080-1-920x690.jpeg 920w\" sizes=\"auto, (max-width: 1024px) 100vw, 1024px\" \/><\/figure>\n<\/div>\n\n\n<p class=\"has-text-align-center has-red-color has-text-color has-link-color wp-elements-1b93fe3227cd4c596871ef466238179c\">Quartierfest Aeschbach Aarau  2024<\/p>\n\n\n<div class=\"wp-block-image\">\n<figure class=\"aligncenter size-large is-resized\"><img loading=\"lazy\" decoding=\"async\" width=\"1024\" height=\"930\" src=\"https:\/\/www.jazztfriends.ch\/wp-content\/uploads\/2024\/11\/IMG-20240831-WA0004-1024x930.jpg\" alt=\"\" class=\"wp-image-164\" style=\"width:389px;height:auto\" srcset=\"https:\/\/www.jazztfriends.ch\/wp-content\/uploads\/2024\/11\/IMG-20240831-WA0004-1024x930.jpg 1024w, https:\/\/www.jazztfriends.ch\/wp-content\/uploads\/2024\/11\/IMG-20240831-WA0004-300x272.jpg 300w, https:\/\/www.jazztfriends.ch\/wp-content\/uploads\/2024\/11\/IMG-20240831-WA0004-768x697.jpg 768w, https:\/\/www.jazztfriends.ch\/wp-content\/uploads\/2024\/11\/IMG-20240831-WA0004.jpg 1271w\" sizes=\"auto, (max-width: 1024px) 100vw, 1024px\" \/><\/figure>\n<\/div>\n\n\n<p class=\"has-text-align-center has-yellow-color has-text-color has-link-color wp-elements-1744ed3c3a05bf1bcfd2fb1852a94084\">Quartierfest Aeschbach, Aarau 2024<\/p>\n\n\n\n<p class=\"has-yellow-color has-text-color has-link-color wp-elements-179e33a06f3566a812fffaf105d8a0cc\" style=\"font-size:24px\">Aarburg, Olten, Zofingen, Roggwil, Wangen, Aarau, Schinznach-Dorf, Z\u00fcrich, Estavayer -Le-Lac, Reiden, Rigi, u.v.a.<\/p>\n\n\n\n<p class=\"has-text-align-center has-yellow-color has-text-color has-link-color has-normal-font-size wp-elements-b5d325781d3d3bd9a096280dac47ca5e\">Bern, Mahogany Hall<\/p>\n\n\n<div class=\"wp-block-image\">\n<figure class=\"aligncenter size-large is-resized\"><img loading=\"lazy\" decoding=\"async\" width=\"1024\" height=\"768\" src=\"https:\/\/www.jazztfriends.ch\/wp-content\/uploads\/2025\/02\/DSC06656-1-1024x768.jpg\" alt=\"\" class=\"wp-image-182\" style=\"width:512px;height:auto\" srcset=\"https:\/\/www.jazztfriends.ch\/wp-content\/uploads\/2025\/02\/DSC06656-1-1024x768.jpg 1024w, https:\/\/www.jazztfriends.ch\/wp-content\/uploads\/2025\/02\/DSC06656-1-300x225.jpg 300w, https:\/\/www.jazztfriends.ch\/wp-content\/uploads\/2025\/02\/DSC06656-1-768x576.jpg 768w, https:\/\/www.jazztfriends.ch\/wp-content\/uploads\/2025\/02\/DSC06656-1-1536x1152.jpg 1536w, https:\/\/www.jazztfriends.ch\/wp-content\/uploads\/2025\/02\/DSC06656-1-2048x1536.jpg 2048w, https:\/\/www.jazztfriends.ch\/wp-content\/uploads\/2025\/02\/DSC06656-1-440x330.jpg 440w, https:\/\/www.jazztfriends.ch\/wp-content\/uploads\/2025\/02\/DSC06656-1-920x690.jpg 920w\" sizes=\"auto, (max-width: 1024px) 100vw, 1024px\" \/><\/figure>\n<\/div>","protected":false},"excerpt":{"rendered":"<p>Musik w\u00e4scht den Staub des Alltags von der Seele Vergangene Konzerte: Palillo Besenbeiz M\u00f6riken Paella &amp; Jazz 29.5.2025 Bergb\u00fchne Bottenwil<\/p>\n<p><a href=\"https:\/\/www.jazztfriends.ch\/?page_id=146\" class=\"more-link\">Continue reading<span class=\"screen-reader-text\">Konzerte:<\/span><\/a><\/p>\n","protected":false},"author":1,"featured_media":0,"parent":0,"menu_order":0,"comment_status":"closed","ping_status":"closed","template":"","meta":{"footnotes":""},"class_list":["post-146","page","type-page","status-publish","hentry"],"_links":{"self":[{"href":"https:\/\/www.jazztfriends.ch\/index.php?rest_route=\/wp\/v2\/pages\/146","targetHints":{"allow":["GET"]}}],"collection":[{"href":"https:\/\/www.jazztfriends.ch\/index.php?rest_route=\/wp\/v2\/pages"}],"about":[{"href":"https:\/\/www.jazztfriends.ch\/index.php?rest_route=\/wp\/v2\/types\/page"}],"author":[{"embeddable":true,"href":"https:\/\/www.jazztfriends.ch\/index.php?rest_route=\/wp\/v2\/users\/1"}],"replies":[{"embeddable":true,"href":"https:\/\/www.jazztfriends.ch\/index.php?rest_route=%2Fwp%2Fv2%2Fcomments&post=146"}],"version-history":[{"count":13,"href":"https:\/\/www.jazztfriends.ch\/index.php?rest_route=\/wp\/v2\/pages\/146\/revisions"}],"predecessor-version":[{"id":219,"href":"https:\/\/www.jazztfriends.ch\/index.php?rest_route=\/wp\/v2\/pages\/146\/revisions\/219"}],"wp:attachment":[{"href":"https:\/\/www.jazztfriends.ch\/index.php?rest_route=%2Fwp%2Fv2%2Fmedia&parent=146"}],"curies":[{"name":"wp","href":"https:\/\/api.w.org\/{rel}","templated":true}]}}

<p class="has-text-align-center has-yellow-color has-text-color has-link-color has-normal-font-size wp-elements-292967ee87463268986c01d8583430f0"></p>



<blockquote class="wp-block-quote is-layout-flow wp-block-quote-is-layout-flow">
<p class="has-light-gray-color has-text-color has-link-color wp-elements-61f1f5cda24799dda2e8cdc9252db5df" style="font-size:27px;font-style:normal;font-weight:700">Musik wäscht den Staub des Alltags von der Seele</p>
</blockquote>



<ul class="wp-block-list">
<li class="has-dark-yellow-color has-text-color has-link-color wp-elements-26fdee70bc8ee38a51c82fdd6f78af3f" style="font-size:27px">Freitag 28. August 2026  Palillo Besenbeiz Möriken: Paella &amp; Jazz <br>Infos/Anmeldung  unter www.palillo.ch</li>



<li class="has-dark-yellow-color has-text-color has-link-color wp-elements-af93f04a74cb3f334cca7c9a118d07ce" style="font-size:27px">Mo 31.August 2026  Monday-Jazz in der Kreuzhofbar Langenthal</li>
</ul>



<p class="has-text-align-center has-yellow-color has-text-color has-link-color has-normal-font-size wp-elements-8d8571df46380e3a96819004d1b5974c"><strong>Vergangene Konzerte:</strong><br></p>



<p class="has-text-align-center has-dark-yellow-color has-text-color has-link-color wp-elements-7d38f00a4c769c8c4808da31117292d0"><strong>Palillo Besenbeiz Möriken  Paella &amp; Jazz   29.5.2025</strong></p>



<figure class="wp-block-gallery has-nested-images columns-default is-cropped wp-block-gallery-1 is-layout-flex wp-block-gallery-is-layout-flex">
<figure class="wp-block-image size-large"><img loading="lazy" decoding="async" width="1024" height="576" data-id="215" src="https://www.jazztfriends.ch/wp-content/uploads/2025/06/IMG-20250601-WA0009-1024x576.jpg" alt="" class="wp-image-215" srcset="https://www.jazztfriends.ch/wp-content/uploads/2025/06/IMG-20250601-WA0009-1024x576.jpg 1024w, https://www.jazztfriends.ch/wp-content/uploads/2025/06/IMG-20250601-WA0009-300x169.jpg 300w, https://www.jazztfriends.ch/wp-content/uploads/2025/06/IMG-20250601-WA0009-768x432.jpg 768w, https://www.jazztfriends.ch/wp-content/uploads/2025/06/IMG-20250601-WA0009-1536x864.jpg 1536w, https://www.jazztfriends.ch/wp-content/uploads/2025/06/IMG-20250601-WA0009.jpg 1600w" sizes="auto, (max-width: 1024px) 100vw, 1024px" /></figure>
</figure>



<p></p>



<p class="has-text-align-center has-yellow-color has-text-color has-link-color has-normal-font-size wp-elements-41344fdba74e7511ecd9073afb6d6567"><br><strong>Bergbühne Bottenwil 11.5.2025</strong></p>


<div class="wp-block-image">
<figure class="aligncenter size-large is-resized"><img loading="lazy" decoding="async" width="1024" height="768" src="https://www.jazztfriends.ch/wp-content/uploads/2025/05/image-20250511-220531-080-1-1024x768.jpeg" alt="" class="wp-image-192" style="width:637px;height:auto" srcset="https://www.jazztfriends.ch/wp-content/uploads/2025/05/image-20250511-220531-080-1-1024x768.jpeg 1024w, https://www.jazztfriends.ch/wp-content/uploads/2025/05/image-20250511-220531-080-1-300x225.jpeg 300w, https://www.jazztfriends.ch/wp-content/uploads/2025/05/image-20250511-220531-080-1-768x576.jpeg 768w, https://www.jazztfriends.ch/wp-content/uploads/2025/05/image-20250511-220531-080-1-1536x1152.jpeg 1536w, https://www.jazztfriends.ch/wp-content/uploads/2025/05/image-20250511-220531-080-1-2048x1536.jpeg 2048w, https://www.jazztfriends.ch/wp-content/uploads/2025/05/image-20250511-220531-080-1-440x330.jpeg 440w, https://www.jazztfriends.ch/wp-content/uploads/2025/05/image-20250511-220531-080-1-920x690.jpeg 920w" sizes="auto, (max-width: 1024px) 100vw, 1024px" /></figure>
</div>


<p class="has-text-align-center has-red-color has-text-color has-link-color wp-elements-1b93fe3227cd4c596871ef466238179c">Quartierfest Aeschbach Aarau  2024</p>


<div class="wp-block-image">
<figure class="aligncenter size-large is-resized"><img loading="lazy" decoding="async" width="1024" height="930" src="https://www.jazztfriends.ch/wp-content/uploads/2024/11/IMG-20240831-WA0004-1024x930.jpg" alt="" class="wp-image-164" style="width:389px;height:auto" srcset="https://www.jazztfriends.ch/wp-content/uploads/2024/11/IMG-20240831-WA0004-1024x930.jpg 1024w, https://www.jazztfriends.ch/wp-content/uploads/2024/11/IMG-20240831-WA0004-300x272.jpg 300w, https://www.jazztfriends.ch/wp-content/uploads/2024/11/IMG-20240831-WA0004-768x697.jpg 768w, https://www.jazztfriends.ch/wp-content/uploads/2024/11/IMG-20240831-WA0004.jpg 1271w" sizes="auto, (max-width: 1024px) 100vw, 1024px" /></figure>
</div>


<p class="has-text-align-center has-yellow-color has-text-color has-link-color wp-elements-1744ed3c3a05bf1bcfd2fb1852a94084">Quartierfest Aeschbach, Aarau 2024</p>



<p class="has-yellow-color has-text-color has-link-color wp-elements-179e33a06f3566a812fffaf105d8a0cc" style="font-size:24px">Aarburg, Olten, Zofingen, Roggwil, Wangen, Aarau, Schinznach-Dorf, Zürich, Estavayer -Le-Lac, Reiden, Rigi, u.v.a.</p>



<p class="has-text-align-center has-yellow-color has-text-color has-link-color has-normal-font-size wp-elements-b5d325781d3d3bd9a096280dac47ca5e">Bern, Mahogany Hall</p>


<div class="wp-block-image">
<figure class="aligncenter size-large is-resized"><img loading="lazy" decoding="async" width="1024" height="768" src="https://www.jazztfriends.ch/wp-content/uploads/2025/02/DSC06656-1-1024x768.jpg" alt="" class="wp-image-182" style="width:512px;height:auto" srcset="https://www.jazztfriends.ch/wp-content/uploads/2025/02/DSC06656-1-1024x768.jpg 1024w, https://www.jazztfriends.ch/wp-content/uploads/2025/02/DSC06656-1-300x225.jpg 300w, https://www.jazztfriends.ch/wp-content/uploads/2025/02/DSC06656-1-768x576.jpg 768w, https://www.jazztfriends.ch/wp-content/uploads/2025/02/DSC06656-1-1536x1152.jpg 1536w, https://www.jazztfriends.ch/wp-content/uploads/2025/02/DSC06656-1-2048x1536.jpg 2048w, https://www.jazztfriends.ch/wp-content/uploads/2025/02/DSC06656-1-440x330.jpg 440w, https://www.jazztfriends.ch/wp-content/uploads/2025/02/DSC06656-1-920x690.jpg 920w" sizes="auto, (max-width: 1024px) 100vw, 1024px" /></figure>
</div>

<p>Musik wäscht den Staub des Alltags von der Seele Vergangene Konzerte: Palillo Besenbeiz Möriken Paella &amp; Jazz 29.5.2025 Bergbühne Bottenwil</p>
<p><a href="https://www.jazztfriends.ch/?page_id=146" class="more-link">Continue reading<span class="screen-reader-text">Konzerte:</span></a></p>
